{"id":18,"date":"2021-11-14T20:40:52","date_gmt":"2021-11-14T19:40:52","guid":{"rendered":"http:\/\/terapia-zinkiewicz.pl\/?page_id=18"},"modified":"2025-02-13T09:15:55","modified_gmt":"2025-02-13T08:15:55","slug":"w-czym-pomagam","status":"publish","type":"page","link":"https:\/\/terapia-zinkiewicz.pl\/index.php\/w-czym-pomagam\/","title":{"rendered":"W CZYM POMAGAM"},"content":{"rendered":"\n<p class=\"has-text-align-left\"><strong>Terapia dysfunkcji seksualnych doros\u0142ych i m\u0142odzie\u017cy:<\/strong><br>&#8211; Pomoc ofiarom nadu\u017cy\u0107 seksualnych,<br>&#8211; Do\u015bwiadczanie stygmatyzacji przez osoby LGBTQ+,<br>&#8211; Wsparcie w procesie tranzycji,<br>&#8211; Trudno\u015bci z erekcj\u0105 i ejakulacj\u0105,<br>&#8211; Brak odczuwania potrzeb seksualnych,<br>&#8211; Zaburzenia identyfikacji p\u0142ciowej (transseksualizm, transwestytyzm),<br>&#8211; Konflikty w zwi\u0105zku,<br>&#8211; Do\u015bwiadczenie b\u00f3lu podczas wsp\u00f3\u0142\u017cycia\/pr\u00f3by wsp\u00f3\u0142\u017cycia (pochwica, dyspareunia),<br>&#8211; Niech\u0119\u0107 do wsp\u00f3\u0142\u017cycia (awersja seksualna),<br>&#8211; Parafilie,<br>&#8211; Trudno\u015bci osi\u0105gni\u0119cia orgazmu, brak orgazmu,<br>&#8211; \u201eUzale\u017cnienia od seksu\u201d &#8211; hiperseksualno\u015b\u0107,<br>&#8211; Zdrada w zwi\u0105zku.<\/p>\n\n\n\n<p class=\"has-text-align-left\"><\/p>\n\n\n\n<p class=\"has-text-align-left\"><strong>Psychoterapia doros\u0142ych i m\u0142odzie\u017cy:<\/strong><br>&#8211; Depresja, obni\u017cenie nastroju, smutek, bezsilno\u015b\u0107,<br>&#8211; Niskie poczucie w\u0142asnej warto\u015bci, poczucie winy,<br>&#8211; Apatia, niech\u0119\u0107 do dzia\u0142ania,<br>&#8211; Ataki paniki,<br>&#8211; Problemy ze snem,<br>&#8211; Odczuwanie l\u0119ku, niepokoju,<br>&#8211; Kryzys emocjonalny,<br>&#8211; Traumy i straty,<br>&#8211; Zaburzenia osobowo\u015bci,<br>&#8211; Trudno\u015bci Doros\u0142ych Dzieci Alkoholik\u00f3w (DDA),<br>&#8211; Wsparcie dla os\u00f3b wsp\u00f3\u0142uzale\u017cnionych (bliskich os\u00f3b uzale\u017cnionych),<br>&#8211; Uzale\u017cnienia od alkoholu, narkotyk\u00f3w,<br>&#8211; Uzale\u017cnienia behawioralne.<\/p>\n\n\n\n<p class=\"has-text-align-left\"><\/p>\n\n\n\n<p class=\"has-text-align-left\"><strong>Psychologia:<\/strong><br>&#8211; Konsultacje z rodzicami dotycz\u0105ce trudno\u015bci wychowawczych,<br>&#8211; Konsultacje dla rodzic\u00f3w\/bliskich os\u00f3b LGBTQ+,<br>&#8211; Konsultacje przed operacjami\/zabiegami,<br>&#8211; Konsultacje dotycz\u0105ce trudnych moment\u00f3w w \u017cyciu.<\/p>\n\n\n\n<p class=\"has-text-align-center\"><\/p>\n","protected":false},"excerpt":{"rendered":"<p>Terapia dysfunkcji seksualnych doros\u0142ych i m\u0142odzie\u017cy:&#8211; Pomoc ofiarom nadu\u017cy\u0107 seksualnych,&#8211; Do\u015bwiadczanie stygmatyzacji przez osoby LGBTQ+,&#8211; Wsparcie w procesie tranzycji,&#8211; Trudno\u015bci z erekcj\u0105 i ejakulacj\u0105,&#8211; Brak odczuwania potrzeb seksualnych,&#8211; Zaburzenia identyfikacji p\u0142ciowej (transseksualizm, transwestytyzm),&#8211; Konflikty w zwi\u0105zku,&#8211; Do\u015bwiadczenie b\u00f3lu podczas wsp\u00f3\u0142\u017cycia\/pr\u00f3by wsp\u00f3\u0142\u017cycia (pochwica, dyspareunia),&#8211; Niech\u0119\u0107 do wsp\u00f3\u0142\u017cycia (awersja seksualna),&#8211; Parafilie,&#8211; Trudno\u015bci osi\u0105gni\u0119cia orgazmu, brak orgazmu,&#8211; \u201eUzale\u017cnienia od seksu\u201d &#8211; hiperseksualno\u015b\u0107,&#8211; Zdrada w zwi\u0105zku. Psychoterapia doros\u0142ych i m\u0142odzie\u017cy:&#8211; Depresja, obni\u017cenie nastroju, smutek, bezsilno\u015b\u0107,&#8211; Niskie poczucie w\u0142asnej warto\u015bci, poczucie winy,&#8211; Apatia, niech\u0119\u0107 do dzia\u0142ania,&#8211; Ataki paniki,&#8211; Problemy ze snem,&#8211; Odczuwanie l\u0119ku, niepokoju,&#8211; Kryzys emocjonalny,&#8211; Traumy i straty,&#8211; Zaburzenia osobowo\u015bci,&#8211; Trudno\u015bci Doros\u0142ych Dzieci Alkoholik\u00f3w (DDA),&#8211; Wsparcie dla os\u00f3b wsp\u00f3\u0142uzale\u017cnionych (bliskich os\u00f3b uzale\u017cnionych),&#8211; Uzale\u017cnienia od alkoholu, narkotyk\u00f3w,&#8211; Uzale\u017cnienia behawioralne. Psychologia:&#8211; Konsultacje z rodzicami dotycz\u0105ce trudno\u015bci wychowawczych,&#8211; Konsultacje dla rodzic\u00f3w\/bliskich os\u00f3b LGBTQ+,&#8211; Konsultacje przed operacjami\/zabiegami,&#8211; Konsultacje dotycz\u0105ce trudnych moment\u00f3w w \u017cyciu.<\/p>\n","protected":false},"author":1,"featured_media":0,"parent":0,"menu_order":0,"comment_status":"closed","ping_status":"closed","template":"","meta":{"footnotes":""},"class_list":["post-18","page","type-page","status-publish","hentry"],"_links":{"self":[{"href":"https:\/\/terapia-zinkiewicz.pl\/index.php\/wp-json\/wp\/v2\/pages\/18","targetHints":{"allow":["GET"]}}],"collection":[{"href":"https:\/\/terapia-zinkiewicz.pl\/index.php\/wp-json\/wp\/v2\/pages"}],"about":[{"href":"https:\/\/terapia-zinkiewicz.pl\/index.php\/wp-json\/wp\/v2\/types\/page"}],"author":[{"embeddable":true,"href":"https:\/\/terapia-zinkiewicz.pl\/index.php\/wp-json\/wp\/v2\/users\/1"}],"replies":[{"embeddable":true,"href":"https:\/\/terapia-zinkiewicz.pl\/index.php\/wp-json\/wp\/v2\/comments?post=18"}],"version-history":[{"count":9,"href":"https:\/\/terapia-zinkiewicz.pl\/index.php\/wp-json\/wp\/v2\/pages\/18\/revisions"}],"predecessor-version":[{"id":152,"href":"https:\/\/terapia-zinkiewicz.pl\/index.php\/wp-json\/wp\/v2\/pages\/18\/revisions\/152"}],"wp:attachment":[{"href":"https:\/\/terapia-zinkiewicz.pl\/index.php\/wp-json\/wp\/v2\/media?parent=18"}],"curies":[{"name":"wp","href":"https:\/\/api.w.org\/{rel}","templated":true}]}}